ors of 18034?
2, 71, 127
List the prime factors of 1031.
1031
List the prime factors of 10236.
2, 3, 853
List the prime factors of 20697.
3, 6899
What are the prime factors of 149209?
17, 67, 131
What are the prime factors of 2823?
3, 941
List the prime factors of 30994.
2, 15497
What are the prime factors of 4175?
5, 167
List the prime factors of 105547.
13, 23, 353
What are the prime factors of 1242?
2, 3, 23
What are the prime factors of 4453?
61, 73
What are the prime factors of 11546?
2, 23, 251
List the prime factors of 51537.
3, 41, 419
What are the prime factors of 77883?
3, 13, 1997
What are the prime factors of 1493?
1493
List the prime factors of 62753.
62753
List the prime factors of 1775.
5, 71
List the prime factors of 753.
3, 251
What are the prime factors of 1392?
2, 3, 29
What are the prime factors of 4063?
17, 239
List the prime factors of 1847.
1847
What are the prime factors of 4280?
2, 5, 107
What are the prime factors of 23544?
2, 3, 109
What are the prime factors of 804?
2, 3, 67
What are the prime factors of 132398?
2, 7, 193
List the prime factors of 896.
2, 7
What are the prime factors of 31589?
31, 1019
List the prime factors of 17681.
17681
List the prime factors of 1597.
1597
List the prime factors of 578.
2, 17
What are the prime factors of 529?
23
What are the prime factors of 6053?
6053
List the prime factors of 6657.
3, 7, 317
List the prime factors of 3305.
5, 661
What are the prime factors of 6240?
2, 3, 5, 13
List the prime factors of 286.
2, 11, 13
List the prime factors of 18683.
7, 17, 157
List the prime factors of 1442.
2, 7, 103
What are the prime factors of 6630?
2, 3, 5, 13, 17
What are the prime factors of 6888?
2, 3, 7, 41
What are the prime factors of 603?
3, 67
What are the prime factors of 3579?
3, 1193
What are the prime factors of 3119?
3119
What are the prime factors of 23893?
23893
List the prime factors of 10719.
3, 397
List the prime factors of 62082.
2, 3, 3449
What are the prime factors of 3524?
2, 881
List the prime factors of 2211.
3, 11, 67
List the prime factors of 42863.
42863
List the prime factors of 147.
3, 7
List the prime factors of 1217.
1217
List the prime factors of 3706.
2, 17, 109
What are the prime factors of 54707?
227, 241
What are the prime factors of 44819?
44819
What are the prime factors of 252?
2, 3, 7
List the prime factors of 4366.
2, 37, 59
What are the prime factors of 5360?
2, 5, 67
List the prime factors of 10077.
3, 3359
List the prime factors of 35211.
3, 11, 97
List the prime factors of 6859.
19
List the prime factors of 819.
3, 7, 13
What are the prime factors of 683?
683
List the prime factors of 603.
3, 67
List the prime factors of 868.
2, 7, 31
What are the prime factors of 10217?
17, 601
What are the prime factors of 147602?
2, 7, 13, 811
List the prime factors of 11545.
5, 2309
List the prime factors of 3889.
3889
What are the prime factors of 41746?
2, 20873
List the prime factors of 5100.
2, 3, 5, 17
What are the prime factors of 80824?
2, 10103
List the prime factors of 7139.
11, 59
What are the prime factors of 1065?
3, 5, 71
List the prime factors of 2257.
37, 61
List the prime factors of 2992.
2, 11, 17
What are the prime factors of 4758?
2, 3, 13, 61
What are the prime factors of 10919?
61, 179
What are the prime factors of 1301?
1301
What are the prime factors of 1391?
13, 107
List the prime factors of 198.
2, 3, 11
List the prime factors of 1084.
2, 271
List the prime factors of 6546.
2, 3, 1091
What are the prime factors of 11885?
5, 2377
List the prime factors of 1202.
2, 601
What are the prime factors of 11668?
2, 2917
List the prime factors of 916.
2, 229
What are the prime factors of 13009?
13009
List the prime factors of 7921.
89
What are the prime factors of 926?
2, 463
What are the prime factors of 1213?
1213
What are the prime factors of 275?
5, 11
List the prime factors of 54972.
2, 3, 509
What are the prime factors of 9736?
2, 1217
List the prime factors of 396.
2, 3, 11
What are the prime factors of 1720?
2, 5, 43
List the prime factors of 461.
461
What are the prime factors of 4989?
3, 1663
List the prime factors of 1780.
2, 5, 89
What are the prime factors of 821?
821
What are the prime factors of 6063?
3, 43, 47
What are the prime factors of 25739?
7, 3677
What are the prime factors of 4825?
5, 193
What are the prime factors of 4240?
2, 5, 53
What are the prime factors of 164?
2, 41
What are the prime factors of 15550?
2, 5, 311
What are the prime factors of 9687?
3, 3229
List the prime factors of 7444.
2, 1861
What are the prime factors of 428?
2, 107
List the prime factors of 19062.
2, 3, 353
List the prime factors of 7378.
2, 7, 17, 31
List the prime factors of 2385.
3, 5, 53
List the prime factors of 1483.
1483
What are the prime factors of 38126?
2, 11, 1733
What are the prime factors of 46328?
2, 5791
List the prime factors of 27283.
27283
What are the prime factors of 385?
5, 7, 11
List the prime factors of 2084.
2, 521
What are the prime factors of 3028?
2, 757
What are the prime factors of 1039?
1039
List the prime factors of 864.
2, 3
What are the prime factors of 154?
2, 7, 11
What are the prime factors of 1089?
3, 11
What are the prime factors of 26382?
2, 3, 4397
What are the prime factors of 42446?
2, 19, 1117
List the prime factors of 1195.
5, 239
List the prime factors of 1552.
2, 97
List the prime factors of 31810.
2, 5, 3181
List the prime factors of 4826.
2, 19, 127
List the prime factors of 23217.
3, 71, 109
What are the prime factors of 10516?
2, 11, 239
What are the prime factors of 11951?
17, 19, 37
List the prime factors of 1090.
2, 5, 109
List the prime factors of 1426.
2, 23, 31
What are the prime factors of 29380?
2, 5, 13, 113
List the prime factors of 2682.
2, 3, 149
List the prime factors of 6778.
2, 3389
What are the prime factors of 1116?
2, 3, 31
What are the prime factors of 1096?
2, 137
What are the prime factors of 6725?
5, 269
List the prime factors of 2016.
2, 3, 7
What are the prime factors of 12298?
2, 11, 13, 43
List the prime factors of 3249.
3, 19
What are the prime factors of 37967?
37967
What are the prime factors of 1714?
2, 857
List the prime factors of 26828.
2, 19, 353
List the prime factors of 23049.
3, 13, 197
What are the prime factors of 1540?
2, 5, 7, 11
What are the prime factors of 122?
2, 61
List the prime factors of 72575.
5, 2903
What are the prime factors of 21216?
2, 3, 13, 17
What are the prime factors of 8409?
3, 2803
List the prime factors of 518.
2, 7, 37
List the prime factors of 1979.
1979
List the prime factors of 382.
2, 191
List the prime factors of 987.
3, 7, 47
List the prime factors of 979.
11, 89
What are the prime factors of 65813?
11, 31, 193
What are the prime factors of 921?
3, 307
What are the prime factors of 153400?
2, 5, 13, 59
List the prime factors of 58852.
2, 14713
List the prime factors of 107949.
3, 35983
List the prime factors of 4841.
47, 103
List the prime factors of 6558.
2, 3, 1093
What are the prime factors of 77684?
2, 19421
What are the prime factors of 1051?
1051
List the prime factors of 361.
19
List the prime factors of 604.
2, 151
What are the prime factors of 12101?
12101
List the prime factors of 4413.
3, 1471
What are the prime factors of 4170?
2, 3, 5, 139
List the prime factors of 1246.
2, 7, 89
What are the prime factors of 7561?
7561
What are the prime factors of 1619?
1619
What are the prime factors of 131876?
2, 32969
List the prime factors of 755.
5, 151
List the prime factors of 345.
3, 5, 23
List the prime factors of 13471.
19, 709
List the prime factors of 242.
2, 11
List the prime factors of 1548.
2, 3, 43
List the prime factors of 4402.
2, 31, 71
What are the prime factors of 24712?
2, 3089
What are the prime factors of 4353?
3, 1451
List the prime factors of 37132.
2, 9283
What are the prime factors of 875?
5, 7
What are the prime factors of 12194?
2, 7, 13, 67
List the prime factors of 2384.
2, 149
List the prime factors of 13278.
2, 3, 2213
List the prime factors of 13460.
2, 5, 673
What are the prime factors of 133344?
2, 3, 463
List the prime factors of 5730.
2, 3, 5, 191
What are the prime factors of 4149?
3, 461
What are the prime factors of 5528?
2, 691
List the prime factors of 330.
2, 3, 5, 11
List t